{"id":2214,"date":"2024-03-17T14:54:59","date_gmt":"2024-03-17T13:54:59","guid":{"rendered":"https:\/\/lestudiomanon.com\/?post_type=product&#038;p=2214"},"modified":"2026-02-23T16:37:46","modified_gmt":"2026-02-23T15:37:46","slug":"tasse-avec-anse-collection-moms","status":"publish","type":"product","link":"https:\/\/lestudiomanon.com\/index.php\/produit\/tasse-avec-anse-collection-moms\/","title":{"rendered":"Tasse avec anse &#8211; collection moms"},"content":{"rendered":"<p>Chaque pi\u00e8ce est d\u00e9cor\u00e9e et \u00e9maill\u00e9e \u00e0 la main, dans mon atelier du sud de la France.<br \/>\nC&rsquo;est un travail d&rsquo;artisanat, ce qui fait que chaque pi\u00e8ce est unique, elles peuvent donc varier les unes des autres.<\/p>\n<p>Exp\u00e9dition sous 3\/4 semaines.<\/p>\n<p>Conseils d&rsquo;entretien :<br \/>\nLavage \u00e0 la main ou au lave vaisselle.<\/p>\n","protected":false},"excerpt":{"rendered":"<p>Collection moms \u2661<\/p>\n","protected":false},"featured_media":2215,"comment_status":"open","ping_status":"closed","template":"","meta":{"_monsterinsights_skip_tracking":false,"_monsterinsights_sitenote_active":false,"_monsterinsights_sitenote_note":"","_monsterinsights_sitenote_category":0,"ocean_post_layout":"","ocean_both_sidebars_style":"","ocean_both_sidebars_content_width":0,"ocean_both_sidebars_sidebars_width":0,"ocean_sidebar":"0","ocean_second_sidebar":"0","ocean_disable_margins":"enable","ocean_add_body_class":"","ocean_shortcode_before_top_bar":"","ocean_shortcode_after_top_bar":"","ocean_shortcode_before_header":"","ocean_shortcode_after_header":"","ocean_has_shortcode":"","ocean_shortcode_after_title":"","ocean_shortcode_before_footer_widgets":"","ocean_shortcode_after_footer_widgets":"","ocean_shortcode_before_footer_bottom":"","ocean_shortcode_after_footer_bottom":"","ocean_display_top_bar":"default","ocean_display_header":"default","ocean_header_style":"","ocean_center_header_left_menu":"0","ocean_custom_header_template":"0","ocean_custom_logo":0,"ocean_custom_retina_logo":0,"ocean_custom_logo_max_width":0,"ocean_custom_logo_tablet_max_width":0,"ocean_custom_logo_mobile_max_width":0,"ocean_custom_logo_max_height":0,"ocean_custom_logo_tablet_max_height":0,"ocean_custom_logo_mobile_max_height":0,"ocean_header_custom_menu":"0","ocean_menu_typo_font_family":"0","ocean_menu_typo_font_subset":"","ocean_menu_typo_font_size":0,"ocean_menu_typo_font_size_tablet":0,"ocean_menu_typo_font_size_mobile":0,"ocean_menu_typo_font_size_unit":"px","ocean_menu_typo_font_weight":"","ocean_menu_typo_font_weight_tablet":"","ocean_menu_typo_font_weight_mobile":"","ocean_menu_typo_transform":"","ocean_menu_typo_transform_tablet":"","ocean_menu_typo_transform_mobile":"","ocean_menu_typo_line_height":0,"ocean_menu_typo_line_height_tablet":0,"ocean_menu_typo_line_height_mobile":0,"ocean_menu_typo_line_height_unit":"","ocean_menu_typo_spacing":0,"ocean_menu_typo_spacing_tablet":0,"ocean_menu_typo_spacing_mobile":0,"ocean_menu_typo_spacing_unit":"","ocean_menu_link_color":"","ocean_menu_link_color_hover":"","ocean_menu_link_color_active":"","ocean_menu_link_background":"","ocean_menu_link_hover_background":"","ocean_menu_link_active_background":"","ocean_menu_social_links_bg":"","ocean_menu_social_hover_links_bg":"","ocean_menu_social_links_color":"","ocean_menu_social_hover_links_color":"","ocean_disable_title":"default","ocean_disable_heading":"default","ocean_post_title":"","ocean_post_subheading":"","ocean_post_title_style":"","ocean_post_title_background_color":"","ocean_post_title_background":0,"ocean_post_title_bg_image_position":"","ocean_post_title_bg_image_attachment":"","ocean_post_title_bg_image_repeat":"","ocean_post_title_bg_image_size":"","ocean_post_title_height":0,"ocean_post_title_bg_overlay":0.5,"ocean_post_title_bg_overlay_color":"","ocean_disable_breadcrumbs":"default","ocean_breadcrumbs_color":"","ocean_breadcrumbs_separator_color":"","ocean_breadcrumbs_links_color":"","ocean_breadcrumbs_links_hover_color":"","ocean_display_footer_widgets":"default","ocean_display_footer_bottom":"default","ocean_custom_footer_template":"0"},"product_brand":[],"product_cat":[36,50],"product_tag":[],"class_list":{"0":"post-2214","1":"product","2":"type-product","3":"status-publish","4":"has-post-thumbnail","6":"product_cat-studiomanon","7":"product_cat-mugs","8":"product_shipping_class-ventes-flash","10":"entry","11":"has-media","12":"wcpa_has_options","14":"first","15":"instock","16":"shipping-taxable","17":"purchasable","18":"product-type-simple","19":"has-product-nav","20":"col","21":"span_1_of_4","22":"owp-content-center","23":"owp-thumbs-layout-horizontal","24":"owp-btn-normal","25":"owp-tabs-layout-horizontal","27":"circle-sale"},"jetpack_sharing_enabled":true,"wcpa_form_fields":{"wcpaData":{"product":{"product_price":30,"price_html":"<span class=\"woocommerce-Price-amount amount\"><bdi>30,00&nbsp;<span class=\"woocommerce-Price-currencySymbol\">&euro;<\/span><\/bdi><\/span>","original_product_price":30,"price_including_tax":30,"price_excluding_tax":30,"product_id":{"parent":2214,"variation":false},"is_variable":false,"stock_status":"instock","stock_quantity":3,"parent_sku":"","product_attributes":[],"custom_fields":[],"is_taxable":false,"product_name":"Tasse avec anse - collection moms","hasImage":false},"fields":{"sec_665bfa76c2bf1c":{"extra":{"key":"sec_665bfa76c2bf1c","section_id":"sec_665bfa76c2bf1c","name":"Default","status":1,"cl_rule":"show","enableCl":false,"relations":[],"toggle":true,"title_tag":"h3","show_title":false,"showPrice":"default","form_id":1327,"form_rules":{"exclude_from_discount":false,"fee_label":"Taxe","disp_hide_options_price":false,"disp_show_section_price":false,"disp_show_field_price":true,"layout_option":"standard","pric_use_as_fee":false,"process_fee_as":"woo_fee"},"layout_option":"standard"},"fields":[[{"type":"select","required":true,"elementId":"wcpa-select-6464e415b4078","label":"Personnalisation du texte","priceOptions":"different_for_all","pricingType":"fixed","name":"select-6464e415b407e","cl_rule":"show","col":"4","values":[{"label":"Sans texte","value":"option-11","price":"","pimage":"","pimage_id":"","pthumb":"","tempId":"aco_29","gt_translate_keys":["label"]},{"label":"Dogmom","value":"option-1","price":"","pimage":"","pimage_id":"","pthumb":"","tempId":"aco_30","gt_translate_keys":["label"]},{"label":"Dogdad","value":"option-2","price":"","pimage":"","pimage_id":"","pthumb":"","tempId":"aco_31","gt_translate_keys":["label"]},{"label":"Catmom","value":"option-3","price":"","pimage":"","pimage_id":"","pthumb":"","tempId":"aco_32","gt_translate_keys":["label"]},{"label":"Catdad","value":"option-4","price":"","pimage":"","pimage_id":"","pthumb":"","tempId":"aco_33","gt_translate_keys":["label"]},{"label":"Lapimom","value":"option-5","price":"","pimage":"","pimage_id":"","pthumb":"","tempId":"aco_34","gt_translate_keys":["label"]},{"label":"Lapidad","value":"option-6","price":"","pimage":"","pimage_id":"","pthumb":"","tempId":"aco_35","gt_translate_keys":["label"]},{"label":"Dogmom + Dogdad","value":"option-7","price":"","pimage":"","pimage_id":"","pthumb":"","tempId":"aco_36","gt_translate_keys":["label"]},{"label":"Catmom + Catdad","value":"option-8","price":"","pimage":"","pimage_id":"","pthumb":"","tempId":"aco_37","gt_translate_keys":["label"]},{"label":"Dogmom + Catmom","value":"option-9","price":"","pimage":"","pimage_id":"","pthumb":"","tempId":"aco_38","gt_translate_keys":["label"]},{"label":"Dogdad + Catdad","value":"option-10","price":"","pimage":"","pimage_id":"","pthumb":"","tempId":"aco_39","gt_translate_keys":["label"]},{"label":"Dogmom + Catmom + Lapimom","value":"option- 11","selected":false,"tempId":"aco_49","gt_translate_keys":["label"]},{"label":"Dogdad + Catdad + Lapidad","value":"option- 12","selected":false,"tempId":"aco_455","gt_translate_keys":["label"]},{"label":"Catmom + Lapimom","value":"option-13","selected":false,"tempId":"aco_19","gt_translate_keys":["label"]},{"label":"Catdad + Lapidad","value":"option-14","selected":false,"tempId":"aco_254","gt_translate_keys":["label"]}],"relations":false,"active":true,"tooltip":"","dropdown_type":"basic","error":false,"gt_translate_keys":["label","tooltip"],"price_dependency":false,"cl_dependency":false,"value":""}],[{"type":"checkbox-group","required":true,"elementId":"wcpa-checkbox-group-1684333832650","label":"Couleur","priceOptions":"different_for_all","pricingType":"fixed","name":"checkbox-group-1684333832650","min_options":"1","max_options":"1","other_text":"Other","cl_rule":"show","col":"4","values":[{"label":"Rose clair","value":"option-1","price":"","pimage":"","pimage_id":"","pthumb":"","tempId":"aco_22","gt_translate_keys":["label"]},{"label":"Rouge brique","value":"option-2","price":"","pimage":"","pimage_id":"","pthumb":"","tempId":"aco_23","gt_translate_keys":["label"]},{"label":"Rouge corail","value":"option-3","price":"","pimage":"","pimage_id":"","pthumb":"","tempId":"aco_24","gt_translate_keys":["label"]},{"label":"Rouge","value":"Rouge","price":"","pimage":"","pimage_id":"","pthumb":"","tempId":"aco_25","gt_translate_keys":["label"]}],"relations":false,"active":true,"tooltip":"","layOut":"","checkUi":"","error":false,"gt_translate_keys":["label","tooltip"],"price_dependency":false,"cl_dependency":false,"value":""}],[{"type":"checkbox-group","required":true,"elementId":"wcpa-checkbox-group-1684333885219","label":"Quantit\u00e9 de coeurs","priceOptions":"different_for_all","pricingType":"fixed","name":"checkbox-group-1684333885219","min_options":"1","max_options":"1","other_text":"Other","cl_rule":"show","col":"4","values":[{"label":"Normal","value":"option-1","price":"","pimage":"","pimage_id":"","pthumb":"","gt_translate_keys":["label"]},{"label":"Beaucoup","value":"option-2","price":"","pimage":"","pimage_id":"","pthumb":"","gt_translate_keys":["label"]}],"relations":false,"active":true,"tooltip":"","layOut":"","gt_translate_keys":["label","tooltip"],"price_dependency":false,"cl_dependency":false,"value":""}],[{"type":"text","elementId":"wcpa-text-1684334019082","label":"+ Pr\u00e9nom de l'animal (Facultatif - max 3 pr\u00e9noms)","enablePrice":true,"pricingType":"fixed","price":"1","name":"text-1684334019081","subtype":"text","cl_rule":"show","col":"4","relations":false,"active":true,"tooltip":"","gt_translate_keys":["label","tooltip"],"price_dependency":false,"cl_dependency":false,"value":""}],[{"type":"text","elementId":"wcpa-text-6464e415b40a2","label":"Compte Instagram (Facultatif)","placeholder":"@","pricingType":"fixed","name":"text-6464e415b40a6","subtype":"text","cl_rule":"show","col":"4","relations":false,"active":true,"tooltip":"","error":false,"gt_translate_keys":["label","placeholder","tooltip"],"price_dependency":false,"cl_dependency":false,"value":""}]]}},"config":{"price_override":"","enable_recaptcha":false,"bind_quantity":false,"quantity_bind_formula":false,"disp_summ_show_option_price":true,"disp_summ_show_product_price":true,"disp_summ_show_total_price":true,"disp_summ_show_fee":false,"disp_summ_show_discount":false,"summary_title":"","options_total_label":"Prix des options","total_label":"Total","options_product_label":"Prix du produit","fee_label":"Taxe","discount_label":"Discount","has_price":true,"has_quantity_formula":false},"mc_unit":1,"tax_rate":1,"tax_rate_real":1,"discount":{"percentage":0,"fixed":0},"design":{"conf":{"LabelPosition":"above","DescPosition":"above","UploadField":"custom_1","QuantityFieldStyle":"default"},"css":{"LeftLabelWidth":"120px"}},"formulas":[],"lookuptables":[],"clones":false,"cartKey":false}},"_links":{"self":[{"href":"https:\/\/lestudiomanon.com\/index.php\/wp-json\/wp\/v2\/product\/2214","targetHints":{"allow":["GET"]}}],"collection":[{"href":"https:\/\/lestudiomanon.com\/index.php\/wp-json\/wp\/v2\/product"}],"about":[{"href":"https:\/\/lestudiomanon.com\/index.php\/wp-json\/wp\/v2\/types\/product"}],"replies":[{"embeddable":true,"href":"https:\/\/lestudiomanon.com\/index.php\/wp-json\/wp\/v2\/comments?post=2214"}],"wp:featuredmedia":[{"embeddable":true,"href":"https:\/\/lestudiomanon.com\/index.php\/wp-json\/wp\/v2\/media\/2215"}],"wp:attachment":[{"href":"https:\/\/lestudiomanon.com\/index.php\/wp-json\/wp\/v2\/media?parent=2214"}],"wp:term":[{"taxonomy":"product_brand","embeddable":true,"href":"https:\/\/lestudiomanon.com\/index.php\/wp-json\/wp\/v2\/product_brand?post=2214"},{"taxonomy":"product_cat","embeddable":true,"href":"https:\/\/lestudiomanon.com\/index.php\/wp-json\/wp\/v2\/product_cat?post=2214"},{"taxonomy":"product_tag","embeddable":true,"href":"https:\/\/lestudiomanon.com\/index.php\/wp-json\/wp\/v2\/product_tag?post=2214"}],"curies":[{"name":"wp","href":"https:\/\/api.w.org\/{rel}","templated":true}]}}